[INFO] fetching crate bunnycli 0.1.1...
[INFO] checking bunnycli-0.1.1 against master#cfbc6d4cf1acbac5c025acf8ed68929caa551df3 for pr-75494-beta
[INFO] extracting crate bunnycli 0.1.1 into /workspace/builds/worker-3/source
[INFO] validating manifest of crates.io crate bunnycli 0.1.1 on toolchain cfbc6d4cf1acbac5c025acf8ed68929caa551df3
[INFO] running `Command { std: "/workspace/cargo-home/bin/cargo" "+cfbc6d4cf1acbac5c025acf8ed68929caa551df3" "read-manifest" "--manifest-path" "Cargo.toml", kill_on_drop: false }`
[INFO] started tweaking crates.io crate bunnycli 0.1.1
[INFO] finished tweaking crates.io crate bunnycli 0.1.1
[INFO] tweaked toml for crates.io crate bunnycli 0.1.1 written to /workspace/builds/worker-3/source/Cargo.toml
[INFO] crate crates.io crate bunnycli 0.1.1 already has a lockfile, it will not be regenerated
[INFO] running `Command { std: "/workspace/cargo-home/bin/cargo" "+cfbc6d4cf1acbac5c025acf8ed68929caa551df3" "fetch" "--locked" "--manifest-path" "Cargo.toml", kill_on_drop: false }`
[INFO] [stderr]  Downloading crates ...
[INFO] [stderr]   Downloaded os_str_bytes v2.3.0
[INFO] [stderr]   Downloaded secret-service v1.1.0
[INFO] [stderr]   Downloaded brotli-decompressor v2.3.0
[INFO] [stderr]   Downloaded keyring v0.9.0
[INFO] [stderr]   Downloaded bunnycdn v0.1.2
[INFO] running `Command { std: "docker" "create" "-v" "/var/lib/crater-agent-workspace/builds/worker-3/target:/opt/rustwide/target:rw,Z" "-v" "/var/lib/crater-agent-workspace/builds/worker-3/source:/opt/rustwide/workdir:ro,Z" "-v" "/var/lib/crater-agent-workspace/cargo-home:/opt/rustwide/cargo-home:ro,Z" "-v" "/var/lib/crater-agent-workspace/rustup-home:/opt/rustwide/rustup-home:ro,Z" "-e" "SOURCE_DIR=/opt/rustwide/workdir" "-e" "CARGO_TARGET_DIR=/opt/rustwide/target" "-e" "CARGO_HOME=/opt/rustwide/cargo-home" "-e" "RUSTUP_HOME=/opt/rustwide/rustup-home" "-w" "/opt/rustwide/workdir" "-m" "1610612736" "--user" "0:0" "--network" "none" "rustops/crates-build-env@sha256:a636fd89d022f18117e1dc8fb37a0a009933cdbbe082814857f0e2024962d47c" "/opt/rustwide/cargo-home/bin/cargo" "+cfbc6d4cf1acbac5c025acf8ed68929caa551df3" "metadata" "--no-deps" "--format-version=1", kill_on_drop: false }`
[INFO] [stdout] 676c7ff39746cdca7a917d6a7b0e3a2d95f40ba2e13242eced3de159f5c48ac4
[INFO] [stderr] WARNING: Your kernel does not support swap limit capabilities or the cgroup is not mounted. Memory limited without swap.
[INFO] running `Command { std: "docker" "start" "-a" "676c7ff39746cdca7a917d6a7b0e3a2d95f40ba2e13242eced3de159f5c48ac4", kill_on_drop: false }`
[INFO] running `Command { std: "docker" "inspect" "676c7ff39746cdca7a917d6a7b0e3a2d95f40ba2e13242eced3de159f5c48ac4", kill_on_drop: false }`
[INFO] running `Command { std: "docker" "rm" "-f" "676c7ff39746cdca7a917d6a7b0e3a2d95f40ba2e13242eced3de159f5c48ac4", kill_on_drop: false }`
[INFO] [stdout] 676c7ff39746cdca7a917d6a7b0e3a2d95f40ba2e13242eced3de159f5c48ac4
[INFO] running `Command { std: "docker" "create" "-v" "/var/lib/crater-agent-workspace/builds/worker-3/target:/opt/rustwide/target:rw,Z" "-v" "/var/lib/crater-agent-workspace/builds/worker-3/source:/opt/rustwide/workdir:ro,Z" "-v" "/var/lib/crater-agent-workspace/cargo-home:/opt/rustwide/cargo-home:ro,Z" "-v" "/var/lib/crater-agent-workspace/rustup-home:/opt/rustwide/rustup-home:ro,Z" "-e" "SOURCE_DIR=/opt/rustwide/workdir" "-e" "CARGO_TARGET_DIR=/opt/rustwide/target" "-e" "CARGO_INCREMENTAL=0" "-e" "RUST_BACKTRACE=full" "-e" "RUSTFLAGS=--cap-lints=forbid" "-e" "CARGO_HOME=/opt/rustwide/cargo-home" "-e" "RUSTUP_HOME=/opt/rustwide/rustup-home" "-w" "/opt/rustwide/workdir" "-m" "1610612736" "--user" "0:0" "--network" "none" "rustops/crates-build-env@sha256:a636fd89d022f18117e1dc8fb37a0a009933cdbbe082814857f0e2024962d47c" "/opt/rustwide/cargo-home/bin/cargo" "+cfbc6d4cf1acbac5c025acf8ed68929caa551df3" "check" "--frozen" "--all" "--all-targets" "--message-format=json", kill_on_drop: false }`
[INFO] [stdout] 8eace41b249aec937b982160cd68b50d42d341a10aa6fdada324574898c92c76
[INFO] [stderr] WARNING: Your kernel does not support swap limit capabilities or the cgroup is not mounted. Memory limited without swap.
[INFO] running `Command { std: "docker" "start" "-a" "8eace41b249aec937b982160cd68b50d42d341a10aa6fdada324574898c92c76", kill_on_drop: false }`
[INFO] [stderr]    Compiling proc-macro2 v1.0.10
[INFO] [stderr]    Compiling syn v1.0.17
[INFO] [stderr]    Compiling version_check v0.9.1
[INFO] [stderr]    Compiling typenum v1.12.0
[INFO] [stderr]    Compiling log v0.4.8
[INFO] [stderr]     Checking lazy_static v1.4.0
[INFO] [stderr]    Compiling pkg-config v0.3.17
[INFO] [stderr]     Checking bytes v0.5.4
[INFO] [stderr]     Checking rand_core v0.4.2
[INFO] [stderr]    Compiling autocfg v0.1.7
[INFO] [stderr]     Checking fnv v1.0.6
[INFO] [stderr]     Checking itoa v0.4.5
[INFO] [stderr]    Compiling bitflags v1.2.1
[INFO] [stderr]     Checking foreign-types-shared v0.1.1
[INFO] [stderr]    Compiling openssl v0.10.29
[INFO] [stderr]     Checking smallvec v1.3.0
[INFO] [stderr]     Checking byte-tools v0.3.1
[INFO] [stderr]     Checking alloc-no-stdlib v2.0.1
[INFO] [stderr]     Checking futures-sink v0.3.4
[INFO] [stderr]    Compiling crc32fast v1.2.0
[INFO] [stderr]    Compiling native-tls v0.2.4
[INFO] [stderr]    Compiling httparse v1.3.4
[INFO] [stderr]     Checking adler32 v1.0.4
[INFO] [stderr]     Checking opaque-debug v0.2.3
[INFO] [stderr]     Checking try-lock v0.2.2
[INFO] [stderr]     Checking subtle v1.0.0
[INFO] [stderr]     Checking tower-service v0.3.0
[INFO] [stderr]    Compiling encoding_rs v0.8.22
[INFO] [stderr]     Checking mime v0.3.16
[INFO] [stderr]     Checking fake-simd v0.1.2
[INFO] [stderr]     Checking os_str_bytes v2.3.0
[INFO] [stderr]    Compiling num-traits v0.2.11
[INFO] [stderr]    Compiling num-integer v0.1.42
[INFO] [stderr]    Compiling num-bigint v0.2.6
[INFO] [stderr]    Compiling num-complex v0.2.4
[INFO] [stderr]    Compiling num-iter v0.1.40
[INFO] [stderr]    Compiling num-rational v0.2.4
[INFO] [stderr]     Checking futures-channel v0.3.4
[INFO] [stderr]     Checking foreign-types v0.3.2
[INFO] [stderr]     Checking block-padding v0.1.5
[INFO] [stderr]     Checking alloc-stdlib v0.2.1
[INFO] [stderr]     Checking rand_core v0.3.1
[INFO] [stderr]     Checking rand_jitter v0.1.4
[INFO] [stderr]     Checking miniz_oxide v0.3.6
[INFO] [stderr]     Checking unicode-normalization v0.1.12
[INFO] [stderr]     Checking http v0.2.1
[INFO] [stderr]     Checking rand_xorshift v0.1.1
[INFO] [stderr]     Checking rand_hc v0.1.0
[INFO] [stderr]     Checking rand_isaac v0.1.1
[INFO] [stderr]    Compiling rand_chacha v0.1.1
[INFO] [stderr]    Compiling rand_pcg v0.1.2
[INFO] [stderr]    Compiling rand v0.6.5
[INFO] [stderr]     Checking net2 v0.2.33
[INFO] [stderr]     Checking rand_os v0.1.3
[INFO] [stderr]     Checking dirs-sys v0.3.4
[INFO] [stderr]     Checking dbus v0.2.3
[INFO] [stderr]     Checking rpassword v4.0.5
[INFO] [stderr]     Checking futures-util v0.3.4
[INFO] [stderr]     Checking brotli-decompressor v2.3.0
[INFO] [stderr]    Compiling unicase v2.6.0
[INFO] [stderr]    Compiling proc-macro-error-attr v0.4.12
[INFO] [stderr]    Compiling proc-macro-error v0.4.12
[INFO] [stderr]     Checking want v0.3.0
[INFO] [stderr]     Checking dirs v2.0.2
[INFO] [stderr]     Checking mio v0.6.21
[INFO] [stderr]    Compiling openssl-sys v0.9.55
[INFO] [stderr]     Checking flate2 v1.0.14
[INFO] [stderr]     Checking term v0.6.1
[INFO] [stderr]    Compiling quote v1.0.3
[INFO] [stderr]     Checking idna v0.2.0
[INFO] [stderr]    Compiling mime_guess v2.0.3
[INFO] [stderr]     Checking generic-array v0.12.3
[INFO] [stderr]     Checking mio-uds v0.6.7
[INFO] [stderr]     Checking brotli v3.3.0
[INFO] [stderr]     Checking digest v0.8.1
[INFO] [stderr]     Checking block-cipher-trait v0.6.2
[INFO] [stderr]     Checking crypto-mac v0.7.0
[INFO] [stderr]     Checking block-buffer v0.7.3
[INFO] [stderr]     Checking aes-soft v0.3.3
[INFO] [stderr]     Checking block-modes v0.3.3
[INFO] [stderr]     Checking url v2.1.1
[INFO] [stderr]     Checking hmac v0.7.1
[INFO] [stderr]     Checking sha2 v0.8.1
[INFO] [stderr]     Checking aes v0.3.2
[INFO] [stderr]     Checking hkdf v0.8.0
[INFO] [stderr]     Checking http-body v0.3.1
[INFO] [stderr]     Checking num v0.2.1
[INFO] [stderr]     Checking secret-service v1.1.0
[INFO] [stderr]     Checking keyring v0.9.0
[INFO] [stderr]    Compiling syn-mid v0.5.0
[INFO] [stderr]    Compiling serde_derive v1.0.106
[INFO] [stderr]    Compiling tokio-macros v0.2.5
[INFO] [stderr]    Compiling pin-project-internal v0.4.8
[INFO] [stderr]    Compiling thiserror-impl v1.0.16
[INFO] [stderr]     Checking async-compression v0.3.2
[INFO] [stderr]     Checking tokio v0.2.17
[INFO] [stderr]    Compiling clap_derive v3.0.0-beta.1
[INFO] [stderr]     Checking thiserror v1.0.16
[INFO] [stderr]     Checking pin-project v0.4.8
[INFO] [stderr]     Checking clap v3.0.0-beta.1
[INFO] [stderr]     Checking tokio-util v0.3.1
[INFO] [stderr]     Checking tokio-tls v0.3.0
[INFO] [stderr]     Checking h2 v0.2.4
[INFO] [stderr]     Checking serde v1.0.106
[INFO] [stderr]     Checking hyper v0.13.4
[INFO] [stderr]     Checking hyper-tls v0.4.1
[INFO] [stderr]     Checking chrono v0.4.11
[INFO] [stderr]     Checking serde_urlencoded v0.6.1
[INFO] [stderr]     Checking serde_json v1.0.51
[INFO] [stderr]     Checking toml v0.5.6
[INFO] [stderr]     Checking reqwest v0.10.4
[INFO] [stderr]     Checking simplelog v0.7.5
[INFO] [stderr]     Checking bunnycdn v0.1.2
[INFO] [stderr]     Checking bunnycli v0.1.1 (/opt/rustwide/workdir)
[INFO] [stdout] error[E0277]: `*const i8` cannot be shared between threads safely
[INFO] [stdout]   --> src/config.rs:55:39
[INFO] [stdout]    |
[INFO] [stdout] 55 |         keyring.set_password(&api_key)?;
[INFO] [stdout]    |                                       ^ `*const i8` cannot be shared between threads safely
[INFO] [stdout]    |
[INFO] [stdout]    = help: within `keyring::KeyringError`, the trait `std::marker::Sync` is not implemented for `*const i8`
[INFO] [stdout]    = note: required because it appears within the type `dbus::ffi::DBusError`
[INFO] [stdout]    = note: required because it appears within the type `dbus::Error`
[INFO] [stdout]    = note: required because it appears within the type `secret_service::error::SsError`
[INFO] [stdout]    = note: required because it appears within the type `keyring::KeyringError`
[INFO] [stdout]    = note: required because of the requirements on the impl of `std::convert::From<keyring::KeyringError>` for `anyhow::Error`
[INFO] [stdout]    = note: required by `std::convert::From::from`
[INFO] [stdout] 
[INFO] [stdout] 
[INFO] [stdout] error[E0277]: `*const std::ffi::c_void` cannot be shared between threads safely
[INFO] [stdout]   --> src/config.rs:55:39
[INFO] [stdout]    |
[INFO] [stdout] 55 |         keyring.set_password(&api_key)?;
[INFO] [stdout]    |                                       ^ `*const std::ffi::c_void` cannot be shared between threads safely
[INFO] [stdout]    |
[INFO] [stdout]    = help: within `keyring::KeyringError`, the trait `std::marker::Sync` is not implemented for `*const std::ffi::c_void`
[INFO] [stdout]    = note: required because it appears within the type `dbus::ffi::DBusError`
[INFO] [stdout]    = note: required because it appears within the type `dbus::Error`
[INFO] [stdout]    = note: required because it appears within the type `secret_service::error::SsError`
[INFO] [stdout]    = note: required because it appears within the type `keyring::KeyringError`
[INFO] [stdout]    = note: required because of the requirements on the impl of `std::convert::From<keyring::KeyringError>` for `anyhow::Error`
[INFO] [stdout]    = note: required by `std::convert::From::from`
[INFO] [stdout] 
[INFO] [stdout] 
[INFO] [stdout] error: aborting due to 2 previous errors
[INFO] [stdout] 
[INFO] [stdout] 
[INFO] [stdout] For more information about this error, try `rustc --explain E0277`.
[INFO] [stdout] 
[INFO] [stderr] error: could not compile `bunnycli`.
[INFO] [stderr] 
[INFO] [stderr] To learn more, run the command again with --verbose.
[INFO] [stderr] warning: build failed, waiting for other jobs to finish...
[INFO] [stdout] error[E0277]: `*const i8` cannot be shared between threads safely
[INFO] [stdout]   --> src/config.rs:55:39
[INFO] [stdout]    |
[INFO] [stdout] 55 |         keyring.set_password(&api_key)?;
[INFO] [stdout]    |                                       ^ `*const i8` cannot be shared between threads safely
[INFO] [stdout]    |
[INFO] [stdout]    = help: within `keyring::KeyringError`, the trait `std::marker::Sync` is not implemented for `*const i8`
[INFO] [stdout]    = note: required because it appears within the type `dbus::ffi::DBusError`
[INFO] [stdout]    = note: required because it appears within the type `dbus::Error`
[INFO] [stdout]    = note: required because it appears within the type `secret_service::error::SsError`
[INFO] [stdout]    = note: required because it appears within the type `keyring::KeyringError`
[INFO] [stdout]    = note: required because of the requirements on the impl of `std::convert::From<keyring::KeyringError>` for `anyhow::Error`
[INFO] [stdout]    = note: required by `std::convert::From::from`
[INFO] [stdout] 
[INFO] [stdout] 
[INFO] [stdout] error[E0277]: `*const std::ffi::c_void` cannot be shared between threads safely
[INFO] [stdout]   --> src/config.rs:55:39
[INFO] [stdout]    |
[INFO] [stdout] 55 |         keyring.set_password(&api_key)?;
[INFO] [stdout]    |                                       ^ `*const std::ffi::c_void` cannot be shared between threads safely
[INFO] [stdout]    |
[INFO] [stdout]    = help: within `keyring::KeyringError`, the trait `std::marker::Sync` is not implemented for `*const std::ffi::c_void`
[INFO] [stdout]    = note: required because it appears within the type `dbus::ffi::DBusError`
[INFO] [stdout]    = note: required because it appears within the type `dbus::Error`
[INFO] [stdout]    = note: required because it appears within the type `secret_service::error::SsError`
[INFO] [stdout]    = note: required because it appears within the type `keyring::KeyringError`
[INFO] [stdout]    = note: required because of the requirements on the impl of `std::convert::From<keyring::KeyringError>` for `anyhow::Error`
[INFO] [stdout]    = note: required by `std::convert::From::from`
[INFO] [stdout] 
[INFO] [stdout] 
[INFO] [stdout] error: aborting due to 2 previous errors
[INFO] [stdout] 
[INFO] [stdout] 
[INFO] [stdout] For more information about this error, try `rustc --explain E0277`.
[INFO] [stdout] 
[INFO] [stderr] error: build failed
[INFO] running `Command { std: "docker" "inspect" "8eace41b249aec937b982160cd68b50d42d341a10aa6fdada324574898c92c76", kill_on_drop: false }`
[INFO] running `Command { std: "docker" "rm" "-f" "8eace41b249aec937b982160cd68b50d42d341a10aa6fdada324574898c92c76", kill_on_drop: false }`
[INFO] [stdout] 8eace41b249aec937b982160cd68b50d42d341a10aa6fdada324574898c92c76
